st common factor of 8 and 54201874?
2
Calculate the greatest common divisor of 50798726 and 854.
122
Calculate the greatest common factor of 242109 and 68686.
61
What is the greatest common divisor of 13646802 and 234?
78
Calculate the highest common factor of 2976270 and 33.
33
Calculate the highest common divisor of 18200 and 1438619.
91
Calculate the highest common divisor of 3006236 and 2512.
628
Calculate the highest common divisor of 2556250 and 58487.
409
Calculate the highest common factor of 11636 and 826650530.
5818
Calculate the highest common divisor of 1628 and 5729240.
44
What is the highest common factor of 409 and 3318217?
409
What is the greatest common factor of 3885 and 5082735?
105
Calculate the greatest common divisor of 314018 and 3152.
394
Calculate the greatest common divisor of 224825 and 272.
17
Calculate the greatest common divisor of 52055970 and 1080.
30
Calculate the highest common divisor of 34722 and 1105960.
1286
What is the greatest common divisor of 18 and 11072799?
9
Calculate the highest common factor of 686796 and 38236.
484
What is the highest common divisor of 221 and 608257?
13
What is the greatest common divisor of 13 and 9146137?
13
What is the greatest common divisor of 26773578 and 234?
234
Calculate the greatest common divisor of 5216 and 259688992.
5216
Calculate the highest common factor of 1359648 and 5220.
36
Calculate the highest common factor of 18873900 and 170180.
1340
What is the greatest common factor of 55129080 and 645?
15
Calculate the greatest common factor of 30816 and 97263.
963
Calculate the highest common divisor of 2220 and 2328225.
555
Calculate the highest common factor of 69225 and 85002975.
5325
What is the highest common divisor of 1807 and 1640061?
139
What is the highest common divisor of 263906428 and 380?
76
What is the greatest common divisor of 700 and 720020?
140
Calculate the highest common divisor of 4648 and 947492.
28
Calculate the greatest common divisor of 223020510 and 186.
186
Calculate the highest common factor of 363 and 18116835.
33
Calculate the greatest common factor of 50133190 and 206.
206
What is the greatest common factor of 10942160 and 20?
20
What is the greatest common factor of 1595512 and 426?
142
What is the greatest common factor of 108877824 and 352?
352
Calculate the greatest common factor of 1329876 and 6478.
82
What is the greatest common factor of 1367220 and 660?
60
Calculate the highest common factor of 225 and 369436185.
45
Calculate the greatest common divisor of 770700762 and 4446.
4446
What is the highest common divisor of 22736 and 3848?
8
Calculate the highest common factor of 180 and 75571.
1
What is the highest common divisor of 608 and 22824352?
32
Calculate the highest common divisor of 216325280 and 584.
584
Calculate the greatest common divisor of 40590 and 2015068.
902
What is the highest common divisor of 87934482 and 18?
18
Calculate the greatest common factor of 75341 and 39159.
229
What is the highest common divisor of 713 and 1017911?
23
Calculate the highest common divisor of 149 and 9662501.
149
What is the highest common factor of 1005848 and 152?
8
What is the greatest common factor of 79389702 and 29106?
882
Calculate the greatest common factor of 8459 and 10450710.
769
What is the highest common divisor of 5663207 and 1189?
1189
What is the highest common divisor of 304193291 and 68?
17
Calculate the greatest common factor of 173009 and 18581.
17
What is the highest common factor of 13914 and 846?
18
What is the greatest common divisor of 20332400 and 1100?
1100
Calculate the greatest common divisor of 103952218 and 354.
118
Calculate the greatest common factor of 12114531 and 66.
33
What is the greatest common factor of 11704 and 24434872?
616
Calculate the greatest common factor of 16309150 and 253825.
3575
What is the highest common divisor of 366954 and 1890?
42
Calculate the highest common divisor of 468 and 431100696.
156
What is the greatest common factor of 119 and 5378222?
17
Calculate the greatest common divisor of 39183881 and 1012.
253
Calculate the greatest common factor of 6802100 and 7588.
1084
What is the greatest common divisor of 3197479 and 38862?
2159
What is the highest common factor of 8683070 and 22?
22
What is the greatest common factor of 16965 and 110525090?
1885
What is the highest common divisor of 1824 and 708339?
57
What is the greatest common divisor of 14433276 and 9900?
132
Calculate the greatest common factor of 656 and 5051528.
328
Calculate the greatest common divisor of 1754728 and 6018592.
4168
Calculate the greatest common factor of 5196372 and 38076.
2004
Calculate the greatest common divisor of 95400 and 10494.
954
Calculate the greatest common factor of 52 and 19588075.
13
Calculate the highest common factor of 45054590 and 2210.
170
What is the highest common divisor of 481453 and 18299?
631
Calculate the greatest common factor of 527104 and 7313.
71
What is the highest common divisor of 49 and 62996927?
7
What is the highest common divisor of 4226047 and 56?
7
Calculate the highest common factor of 43180742 and 1980.
22
Calculate the highest common factor of 87 and 16507264.
29
Calculate the greatest common divisor of 51172 and 5441677.
1163
What is the greatest common divisor of 670794 and 1968?
6
What is the highest common divisor of 52578144 and 3808?
544
Calculate the highest common factor of 12 and 132649932.
12
What is the highest common divisor of 11937 and 5127720?
519
Calculate the highest common factor of 24 and 56776104.
24
Calculate the highest common divisor of 221794 and 602.
86
What is the highest common divisor of 8888902 and 47910?
3194
What is the greatest common divisor of 822368 and 555024?
496
What is the highest common divisor of 2085 and 13251426?
417
What is the highest common divisor of 14816 and 24153784?
3704
Calculate the highest common factor of 482368550 and 100.
50
Calculate the greatest common divisor of 5627 and 53416780.
331
What is the greatest common divisor of 22920 and 4330?
10
What is the highest common factor of 2425 and 852436?
97
Calculate the highest common divisor of 612 and 179385462.
306
What is the highest common divisor of 2825 and 5238341?
113
What is the greatest common factor of 12546530 and 20?
10
What is the greatest common divisor of 1618548 and 4437?
87
Calculate the greatest common divisor of 78878172 and 101.
101
What is the highest common factor of 2498408 and 3026?
178
What is the greatest common divisor of 54405 and 319765?
155
Calculate the highest common factor of 14096 and 31256.
8
What is the greatest common factor of 23824 and 9532?
4
Calculate the greatest common divisor of 4670525 and 777475.
5675
What is the greatest common factor of 861170 and 590?
10
What is the highest common divisor of 530 and 25766215?
265
What is the greatest common divisor of 420 and 16776795?
105
What is the highest common divisor of 43670 and 462242?
22
What is the highest common factor of 730298 and 21018?
62
What is the greatest common factor of 4748670 and 169290?
1710
Calculate the greatest common factor of 40324059 and 16668.
4167
Calculate the highest common factor of 2079 and 67027653.
693
Calculate the greatest common divisor of 1240396 and 128850.
1718
Calculate the greatest common divisor of 1730 and 1607689.
173
What is the greatest common factor of 16312170 and 5215?
35
What is the greatest common factor of 21801 and 4194177?
1677
Calculate the greatest common factor of 199009 and 14103.
1567
What is the highest common divisor of 14807 and 23739976?
871
Calculate the greatest common divisor of 246259 and 856423.
997
Calculate the greatest common factor of 5 and 7923879.
1
What is the greatest common divisor of 796958724 and 278?
278
Calculate the greatest common factor of 7158656 and 1696.
32
What is the greatest common divisor of 8968 and 1382901?
59
Calculate the highest common divisor of 1838 and 44076159.
919
Calculate the greatest common divisor of 561 and 3710168.
11
Calculate the highest common divisor of 59917 and 715.
143
Calculate the highest common divisor of 530 and 466852885.
265
Calculate the highest common divisor of 1611894 and 439293.
3459
Calculate the greatest common divisor of 1012 and 30376.